of 2393 + -2397 - ((-40 - 2) + 0 + 0)?
38
-33 - (-34 - (29 - 14 - 32))
-16
(2 - (-4 + -1 + -7)) + -4 - -16
26
What is -47 + 0 + 16 - (5 - 18)?
-18
Evaluate -5 - (-58 - (5 + -1 - -2 - (19 + -16))).
56
What is the value of -24 + 1 - (-2223 - -2203)?
-3
What is the value of -34 + (40 - -27 - 62)?
-29
(64 - 71) + (-39 - 49)
-95
What is the value of 42 - (-1 - -12 - -15 - 30)?
46
-8 + 39 + (9 - (-10 + 21) - 3 - -9)
35
Calculate -2 - 0 - (1 + -51 - -16).
32
What is 14 - ((2 - (29 - 6)) + (13 - 9))?
31
What is the value of 100 + -30 - 7 - -17?
80
22 - 8 - 9 - (0 - (8 - -10))
23
What is the value of (-12 - 14 - -169) + -10 - (8 + 1 + 2)?
122
What is the value of 34 + -13 + -12 + (2 - -1) + -6 + 67?
73
What is the value of -81 + 49 - (-17 + -14)?
-1
(-73 - (-77 - -31)) + 14
-13
What is the value of 10 - -12 - (-5 - 3 - (1 + (0 - 1)))?
30
What is the value of -24 - (6 + (-10 + 5 + -10 - -7))?
-22
What is the value of 59 + (1 - (-1 + -15 - -36))?
40
Calculate (2 - -60) + (21 + 8 - 41 - -23).
73
Calculate 3343 - 3382 - (0 + 15).
-54
What is the value of 5 - (45 - (-7 + 37))?
-10
Calculate 8 + -80 + (35 - 12) - 6.
-55
Evaluate (-137 - (-39 - 64)) + -7 + (1 - 3).
-43
Evaluate 109 - 71 - (-2 - -3 - -7) - -7.
37
(-1 - -1) + (21 - 28 - ((-9 - 1) + -11))
14
Evaluate -4 - (-62 - -6) - 34 - (0 + 154).
-136
32 - -4 - (-65 + (83 - -27))
-9
Calculate -19 + -1 - (-15 + (-3 - 2 - -5)).
-5
Calculate (-31 - -56 - (15 + -2)) + -4 + -10.
-2
Calculate (10 + -19 - (-2 + -1)) + (-115 - -94).
-27
Evaluate (-13 - -17 - -39) + (1 - (21 - 36)).
59
-168 + -55 + 79 + 33
-111
Evaluate (16 + 34 - 88) + 158.
120
Evaluate (11 - (161 - 148)) + 2 + -2 + 1 + 26.
25
Evaluate -1 - 44 - (417 - 422 - (1 + -1) - -1).
-41
Calculate -3 + (21 - (8 - 9)) + 0.
19
Calculate 6 + -5 - 5 - (-12 - -11) - -10 - 57.
-50
Calculate -11234 + 11218 + (1 - 1 - 31).
-47
What is the value of (111 - 10) + -98 + 55?
58
What is the value of 49 - (-6 + 4 - -2 - (56 + -50)) - 7?
48
What is the value of -2 + -48 + -156 + 161?
-45
What is the value of 75 - (-11 - 7 - -7 - (16 - 17) - 2)?
87
6 - ((42 - (-1 + 12)) + -7)
-18
Calculate -19 - (51 - (111 + -30)).
11
What is 30 + (-12 - (-2 + (-4 - (-15 - -11))))?
20
What is the value of (-3 - -47) + 7 + 7 + -12?
46
What is the value of -16 - ((1 - 3 - 5) + 30 + -24)?
-15
What is 1 - 50 - (25 + 12 + -29 - 5)?
-52
What is (2 - 66) + (-55 - -84) + 10?
-25
What is 1 - (9 + (31 - -1)) - (3 - 10 - -7)?
-40
Evaluate (-31 + 5 - -7 - (17 - 18)) + 2 + -3.
-19
Evaluate (8 - -54) + (0 - 5).
57
Calculate 59 + (11 - 15) + -137.
-82
(5 - 34) + -54 + 115 + 38
70
Evaluate -73 - (17 + (-104 - -44)).
-30
Calculate (17 - 5) + (15 - 6 - -4) + 15.
40
Evaluate (-23 - (44 - 77) - (-25 + 1 + -1)) + 0.
35
25 + (3 + -19 - -10) + 0
19
1 + 31 + 3502 + -3504
30
Calculate -31 + (12 - (3 + (-4 - -3))).
-21
Calculate -106 + 1 - (129 + (129 - 281)).
-82
Calculate 33 + 4 + (23 - 4) + 0 + 14 + -3.
67
What is (-8 - 0) + (2 - (12 + -2)) + (-68 - -120)?
36
What is -3 - (3 + 6) - 24?
-36
What is the value of 10 + (-9 - (-14 + (-1 - -11) + (-30 - -12)))?
23
Evaluate 1 + -10 + 14 + -2 + 1 - (895 + -906).
15
Evaluate -10 + 4 - 83 - (-11 + -16 + 10 + 18).
-90
What is the value of (-68 - -46) + 3 + (-7 - -5)?
-21
What is -40 - 0 - (-5 + (-6 - (-23 - -12)))?
-40
Calculate -2 + 13 + (3 - -10 - (-75 - (-20 + 26))).
105
Calculate (-13 - -9) + (23 - (4 - 38)).
53
Calculate (1 - 3 - -42) + 3 + (-152 - -85 - -66).
42
Calculate 14 + (-25 - 24) + (35 - 29).
-29
What is the value of (60 - (10 - -22)) + -86?
-58
What is 105 + (-31 - (1 + -31)) + -15?
89
Evaluate -109 + (-71 - -86) + 101.
7
What is (9 + (0 + 10 - (85 + -67)) - -3) + 24?
28
What is 18 + (11 - (-3 + -7)) + -22?
17
What is the value of (-4 - (-5 + 1)) + 38 + -45 + (18 - -31)?
42
Calculate 19 + -8 - (9 + (1 - 15) + -41).
57
-4 + (-1 - 29) + 22 + 20
8
What is the value of 0 + -30 - (602 + -605 - (2 + -9))?
-34
What is -7 + (-4 - (-11 - -14) - 15) + 19?
-10
Evaluate 5 + (37 - 71 - -29) + -119.
-119
Evaluate 48 + -19 + 5 + 13 + 0.
47
What is -1061 - -1072 - ((2 - 1) + 57)?
-47
What is the value of -137 - (-271 + 153) - 45?
-64
Calculate -167 - -167 - (21 - 11).
-10
Evaluate -14 - (-13 - 3) - -10.
12
(0 - -12) + 2 + 4 + (2 - (-4 + 7))
17
What is the value of (-150 - -109) + (5 - 6 - 1) + 5?
-38
-7 + (72 - (53 + 2))
10
What is the value of -9 + -4 - -32 - -6 - (6 + -7)?
26
What is (0 + 3 - 12) + (40 - 83) + 2?
-50
Calculate -4966 - -4997 - (7 - (2 - (-2 + 1 - -5))).
22
(-1 - (1 - 5)) + 25 + 7 + (-237 - -238)
36
What is (-7 - (3 + -11)) + 6 + -4 + 4 + 6?
13
Evaluate -79 - ((-80 + 42 - -35) + 32).
-108
Calculate 105 + -177 - (24 - -3).
-99
Calculate 8 + 1 + 0 - (21 + 47 + -44 + -29).
14
Calculate -41 + 68 + (-11 - 3).
13
Calculate -5 + (-1 - 29) - (-2645 - -2673).
-63
What is 16 + -2 + (76 - 68 - (80 - -1))?
-59
Calculate -3 + (84 - -39) - 76.
44
Evaluate -4 + 8 + (-12 - -49) - 1.
40
What is 22 + (-39 - (-22 - -12)) + 72 + 3?
68
Evaluate (9 - (1 - ((5 - 9) + 16) - -17)) + 24.
27
Evaluate (1041 - 1006) + (-1 - -13).
47
Calculate -19 + (28 - (20 - 10 - -3)) + 83.
79
What is the value of -12568 + 12652 + (1 - 159)?
-74
Calculate -1 + -146 - (-122 + (-132 - -221)).
-114
Calculate 17 - 134 - ((6 - 3 - -1) + 7) - -4.
-124
(-10 - -4) + (-5 + 15 - (-16 + -3))
23
What is (62 - (-121 + 91)) + -58?
34
Evaluate -3 + (11 - -2) + (-71 - -65) - (6 - 1).
-1
What is the value of (73 - 297) + 94 - -37?
-93
Evaluate -218 + (471 - 242) + (-23 - (2 - 0)) + 1.
-13
Evaluate -70 - ((140 - 102) + -51).
-57
(-32 + 0 - -57) + -89 + -6
-70
What is the value of -1 + -3 + (19 - (-14 + (12 - -7))) + -50?
-40
(-66 - (-1 - 0) - -1) + (-9 - -2)
-71
What is the value of 2 + (-10 - (-5 + -9)) + -13 + (-34 - 1)?
-42
What is the value of 21 + -97 + 185 + -189 + (2 - 2)?
-80
Evaluate (4 - (20 - 15)) + 1 - 19.
-19
What is (27 - (107 + -1)) + (-24 - 7)?
-110
Calculate 15 + 2 + -38 + 16 + 38 + 0.
33
Calculate 161 + (52 - 80) - 163.
-30
-59 + (-33 - -19 - -11)
-62
What is the value of (-1 + -26 - -2) + (71 - 104)?
-58
Calculate 7 + 30 + -84 - (4 - (-5 - (-4 - 0))).
-52
What is the value of (5 + 9 - (6 - (18 - 9))) + 8?
25
Calculate (-82 - -12) + 15 - (0 - (2 + -22)).
-75
What is -345 + 335 + (-2 - -4 - (11 - 0))?
-19
(-9 + 10 + 3 - -2) + (22 - 1)
27
Calculate -8 + (-144 - -141) + 0 + 0 - -59.
48
Evaluate 13 - (0 - 3) - 6.
10
Evaluate 29 - (46 - (33 - -11)).
27
Evaluate (-2224 - -2242) + (5 - (0 - (0 - 1))).
22
-13 + -84 + 6 + (-42 - (-56 + 28))
-105
0 + 18 + 11 + 5 + 2
36
-64 - (-30 + 67 - 65)
-36
What is 51 + 34 + 28 - 31?
82
What is the value of 28 + (6 - 2) - (-3195 + 3233)?
-6
(-1 - 0) + 67 - (48 + -6 + -40 - -5)
59
What is 10 + 1 - (-7 + 0 + (26 - (34 + -5)))?
21
4 + -65 + 39 + 8
-14
Calculate (42 - 48) + -42 + 21.
-27
Evaluate 23 + 33 + (-113 - -56) - (-2 + (2 - -93)).
-94
(-1 - -62) + (4 - 12 - (-6 - (11 + -18)))
52
What is 13 + 1 - 0 - (-7791 - -7789)?
16
Evaluate 1254 + -1271 + (-42 - (-7 + 0)).
-52
Evaluate -1 - -57 - ((17 - -9) + -1).
31
(-34 - -60 - -16) + (-185 - -11)
-132
What is 10 - -100 - 113 - (0 - (2 + 24 + -1))?
22
Calculate (-57 - 3) + (-14 + (-11 - -11) - -17).
-57
39 - 84 - (-37 + -5)
-3
Calculate (-26 - (51 - 97)) + -53.
-33
Calculate -48 - ((89 - 81) + (3 - (7 + -10))).
-62
Evaluate 2 + -3 + 2 + 807 + -808.
0
Calculate 14 + 67 + -35 + -41.
5
Evaluate (-11 - -19) + -1 - (22 + -9 + 9).
-15
What is the value of (-2 - 13 - (-37 + 69 + -37)) + -58?
-68
Evaluate -3 - (-97 - (12 + -26) - (6 - 17)).
69
What is the value of 2 + -8 + 55 - (17 - (-19 + 28))?
41
Calculate (0 - -15 - (-333 + 353)) + 16.
11
What is (16 + -50 - -35) + 2 + 19 - -81?
103
What is (-17 - (-2 + -1 - -41)) + 21?
-34
What is 3 + -37 + -53 + 57 - (12 + 0)?
-42
Calculate -2 + 64 - (40 + -29 + (-2 - -8)).
45
Evaluate -99 + -6 + -61 + -9 + 55.
-120
Evaluate -1 + -57 + 26 + -3 + 147.
112
What is -1 + (43 - (0 + 4)) + (10 - (-16 + 16))?
48
What is 19 + 37 - (-32 - -65)?
23
What is the value of -17 + (2 + -13 - 0 - -31)?
3
(-116 - (83 + -179)) + 26
6
What is -5 + (10 - -3) + (-1 - -28 - 10)?
25
What is 16 - (-7 + -25 + 30 + -13 + 2)?
29
What is the value of -69 - (-20 + 24 - ((0 - 0) + 7 + 1))?
-65
What is 3 + 5 + -22 + 23 + (-4 - -4)?
9
What is the value of -79 + (188 - 14) + -105?
-10
Calculate -24 + 31 - (-57 + 57).
7
Calculate 